{"id":398,"date":"2021-07-13T05:27:30","date_gmt":"2021-07-13T05:27:30","guid":{"rendered":"http:\/\/www.reisen-mit-mayer.de\/?page_id=398"},"modified":"2021-11-08T11:20:28","modified_gmt":"2021-11-08T11:20:28","slug":"setra-omnibus-typ-s-411-hd","status":"publish","type":"page","link":"http:\/\/www.reisen-mit-mayer.de\/?page_id=398","title":{"rendered":"Setra Omnibus Typ S 411 HD"},"content":{"rendered":"<p>&nbsp;<\/p>\n<p><a href=\"http:\/\/www.reisen-mit-mayer.de\/wp-content\/uploads\/2021\/07\/setra-aussen.jpg\"><img loading=\"lazy\" class=\"alignnone size-full wp-image-412\" src=\"http:\/\/www.reisen-mit-mayer.de\/wp-content\/uploads\/2021\/07\/setra-aussen.jpg\" alt=\"\" width=\"1800\" height=\"858\" srcset=\"http:\/\/www.reisen-mit-mayer.de\/wp-content\/uploads\/2021\/07\/setra-aussen.jpg 1800w, http:\/\/www.reisen-mit-mayer.de\/wp-content\/uploads\/2021\/07\/setra-aussen-300x143.jpg 300w, http:\/\/www.reisen-mit-mayer.de\/wp-content\/uploads\/2021\/07\/setra-aussen-1024x488.jpg 1024w, http:\/\/www.reisen-mit-mayer.de\/wp-content\/uploads\/2021\/07\/setra-aussen-768x366.jpg 768w, http:\/\/www.reisen-mit-mayer.de\/wp-content\/uploads\/2021\/07\/setra-aussen-1536x732.jpg 1536w\" sizes=\"(max-width: 1800px) 100vw, 1800px\" \/><\/a><\/p>\n<div style=\"width: 100%;\">\n<div style=\"max-width: 380px; float: left;\"><a href=\"http:\/\/www.reisen-mit-mayer.de\/wp-content\/uploads\/2021\/07\/setra-aussen2.jpg\"><img loading=\"lazy\" class=\"aligncenter wp-image-401\" src=\"http:\/\/www.reisen-mit-mayer.de\/wp-content\/uploads\/2021\/07\/setra-aussen2-300x194.jpg\" alt=\"\" width=\"380\" height=\"246\" srcset=\"http:\/\/www.reisen-mit-mayer.de\/wp-content\/uploads\/2021\/07\/setra-aussen2-300x194.jpg 300w, http:\/\/www.reisen-mit-mayer.de\/wp-content\/uploads\/2021\/07\/setra-aussen2-1024x662.jpg 1024w, http:\/\/www.reisen-mit-mayer.de\/wp-content\/uploads\/2021\/07\/setra-aussen2-768x496.jpg 768w, http:\/\/www.reisen-mit-mayer.de\/wp-content\/uploads\/2021\/07\/setra-aussen2-1536x992.jpg 1536w, http:\/\/www.reisen-mit-mayer.de\/wp-content\/uploads\/2021\/07\/setra-aussen2.jpg 1800w\" sizes=\"(max-width: 380px) 100vw, 380px\" \/><\/a><br \/>\n<a href=\"http:\/\/www.reisen-mit-mayer.de\/wp-content\/uploads\/2021\/07\/setra-innen1.jpg\"><img loading=\"lazy\" class=\"aligncenter wp-image-402\" src=\"http:\/\/www.reisen-mit-mayer.de\/wp-content\/uploads\/2021\/07\/setra-innen1-300x200.jpg\" alt=\"\" width=\"380\" height=\"253\" srcset=\"http:\/\/www.reisen-mit-mayer.de\/wp-content\/uploads\/2021\/07\/setra-innen1-300x200.jpg 300w, http:\/\/www.reisen-mit-mayer.de\/wp-content\/uploads\/2021\/07\/setra-innen1-1024x683.jpg 1024w, http:\/\/www.reisen-mit-mayer.de\/wp-content\/uploads\/2021\/07\/setra-innen1-768x512.jpg 768w, http:\/\/www.reisen-mit-mayer.de\/wp-content\/uploads\/2021\/07\/setra-innen1-1536x1024.jpg 1536w, http:\/\/www.reisen-mit-mayer.de\/wp-content\/uploads\/2021\/07\/setra-innen1-380x252.jpg 380w, http:\/\/www.reisen-mit-mayer.de\/wp-content\/uploads\/2021\/07\/setra-innen1.jpg 1800w\" sizes=\"(max-width: 380px) 100vw, 380px\" \/><\/a><br \/>\n<a href=\"http:\/\/www.reisen-mit-mayer.de\/wp-content\/uploads\/2021\/07\/setra-innen2.jpg\"><img loading=\"lazy\" class=\"aligncenter wp-image-403\" src=\"http:\/\/www.reisen-mit-mayer.de\/wp-content\/uploads\/2021\/07\/setra-innen2-300x198.jpg\" alt=\"\" width=\"380\" height=\"251\" srcset=\"http:\/\/www.reisen-mit-mayer.de\/wp-content\/uploads\/2021\/07\/setra-innen2-300x198.jpg 300w, http:\/\/www.reisen-mit-mayer.de\/wp-content\/uploads\/2021\/07\/setra-innen2-1024x675.jpg 1024w, http:\/\/www.reisen-mit-mayer.de\/wp-content\/uploads\/2021\/07\/setra-innen2-768x506.jpg 768w, http:\/\/www.reisen-mit-mayer.de\/wp-content\/uploads\/2021\/07\/setra-innen2-1536x1013.jpg 1536w, http:\/\/www.reisen-mit-mayer.de\/wp-content\/uploads\/2021\/07\/setra-innen2-380x252.jpg 380w, http:\/\/www.reisen-mit-mayer.de\/wp-content\/uploads\/2021\/07\/setra-innen2.jpg 1800w\" sizes=\"(max-width: 380px) 100vw, 380px\" \/><\/a><\/div>\n<div class=\"busdescription\">\n<div style=\"height: 50px;\"><\/div>\n<h2>Setra Omnibus Typ S 411 HD<\/h2>\n<ul>\n<li>36 Sitzpl\u00e4tze + 2 Reiseleiter<\/li>\n<li>WC, Bordk\u00fcche, K\u00fchlschrank<\/li>\n<li>CD-\/DVD-Anlage, 2 Monitore<\/li>\n<li>Klimaanlage<\/li>\n<li>Fu\u00dfst\u00fctzen<\/li>\n<li>Klapptische<\/li>\n<li>Uvm.<\/li>\n<\/ul>\n<h2>Sitzplan<\/h2>\n<p><a href=\"http:\/\/www.reisen-mit-mayer.de\/wp-content\/uploads\/2021\/11\/em-180.pdf\" target=\"_blank\" rel=\"noopener noreferrer\"><img loading=\"lazy\" class=\"alignnone size-thumbnail wp-image-415\" src=\"http:\/\/www.reisen-mit-mayer.de\/wp-content\/uploads\/2021\/07\/pdf-2127829_640-150x150.png\" alt=\"\" width=\"150\" height=\"150\" srcset=\"http:\/\/www.reisen-mit-mayer.de\/wp-content\/uploads\/2021\/07\/pdf-2127829_640-150x150.png 150w, http:\/\/www.reisen-mit-mayer.de\/wp-content\/uploads\/2021\/07\/pdf-2127829_640-300x300.png 300w, http:\/\/www.reisen-mit-mayer.de\/wp-content\/uploads\/2021\/07\/pdf-2127829_640.png 640w\" sizes=\"(max-width: 150px) 100vw, 150px\" \/><\/a><\/p>\n<p>Sitzplan als PDF Datei herunterladen.<\/p>\n<\/div>\n<\/div>\n","protected":false},"excerpt":{"rendered":"<p>&nbsp; Setra Omnibus Typ S 411 HD 36 Sitzpl\u00e4tze + 2 Reiseleiter WC, Bordk\u00fcche, K\u00fchlschrank CD-\/DVD-Anlage, 2 Monitore Klimaanlage Fu\u00dfst\u00fctzen Klapptische Uvm. Sitzplan Sitzplan als PDF Datei herunterladen.<\/p>\n","protected":false},"author":1,"featured_media":0,"parent":0,"menu_order":0,"comment_status":"closed","ping_status":"closed","template":"page_busbetrieb.php","meta":[],"_links":{"self":[{"href":"http:\/\/www.reisen-mit-mayer.de\/index.php?rest_route=\/wp\/v2\/pages\/398"}],"collection":[{"href":"http:\/\/www.reisen-mit-mayer.de\/index.php?rest_route=\/wp\/v2\/pages"}],"about":[{"href":"http:\/\/www.reisen-mit-mayer.de\/index.php?rest_route=\/wp\/v2\/types\/page"}],"author":[{"embeddable":true,"href":"http:\/\/www.reisen-mit-mayer.de\/index.php?rest_route=\/wp\/v2\/users\/1"}],"replies":[{"embeddable":true,"href":"http:\/\/www.reisen-mit-mayer.de\/index.php?rest_route=%2Fwp%2Fv2%2Fcomments&post=398"}],"version-history":[{"count":20,"href":"http:\/\/www.reisen-mit-mayer.de\/index.php?rest_route=\/wp\/v2\/pages\/398\/revisions"}],"predecessor-version":[{"id":888,"href":"http:\/\/www.reisen-mit-mayer.de\/index.php?rest_route=\/wp\/v2\/pages\/398\/revisions\/888"}],"wp:attachment":[{"href":"http:\/\/www.reisen-mit-mayer.de\/index.php?rest_route=%2Fwp%2Fv2%2Fmedia&parent=398"}],"curies":[{"name":"wp","href":"https:\/\/api.w.org\/{rel}","templated":true}]}}